
Is 61729 a composite number?
False
Is 21811 a prime number?
False
Is 125555 a composite number?
True
Is 7354277 a composite number?
True
Is 14867 a prime number?
True
Is 624659 a composite number?
True
Is 9533 a composite number?
False
Is 351761 prime?
False
Is 40277 a prime number?
True
Is 243889 prime?
True
Is 974189 prime?
True
Is 675341 prime?
True
Is 3521 a composite number?
True
Is 166001 a prime number?
False
Is 614609 prime?
True
Is 4399 prime?
False
Is 31497 a prime number?
False
Is 78049 composite?
False
Is 1057 a composite number?
True
Is 4111 composite?
False
Is 1357 a prime number?
False
Is 2970619 a prime number?
False
Is 320627 a composite number?
False
Is 159713 prime?
False
Is 34885 a composite number?
True
Is 1257 a composite number?
True
Is 328753 composite?
False
Is 2813 prime?
False
Is 534893 a prime number?
False
Is 7583 composite?
False
Is 11657 composite?
False
Is 806543 composite?
False
Is 29857 composite?
True
Is 41429 prime?
False
Is 250571 a composite number?
True
Is 27463 prime?
False
Is 21453 a prime number?
False
Is 5857 a prime number?
True
Is 223205 prime?
False
Is 1041023 a prime number?
False
Is 7531699 prime?
False
Is 2561771 prime?
True
Is 447361 composite?
True
Is 542183 a composite number?
False
Is 6931 prime?
False
Is 336307 a composite number?
False
Is 318737 a composite number?
False
Is 8809 a composite number?
True
Is 5737 a prime number?
True
Is 430499 a prime number?
True
Is 181573 a composite number?
True
Is 3271 prime?
True
Is 64433 a composite number?
False
Is 583679 a prime number?
False
Is 120619 prime?
True
Is 47973 prime?
False
Is 80723 a composite number?
True
Is 3797 composite?
False
Is 50989 prime?
True
Is 270023 a prime number?
False
Is 4476463 composite?
False
Is 4559 a composite number?
True
Is 293201 a prime number?
True
Is 62047 composite?
False
Is 996986 a prime number?
False
Is 1259 prime?
True
Is 20141 a composite number?
True
Is 230663 a prime number?
True
Is 638455 a composite number?
True
Is 360647 prime?
False
Is 347 composite?
False
Is 48973 a prime number?
True
Is 22461 a prime number?
False
Is 62747 a prime number?
False
Is 131 composite?
False
Is 732473 prime?
False
Is 23701 composite?
True
Is 76907 a composite number?
False
Is 93809 a composite number?
False
Is 163421 a composite number?
True
Is 14023 composite?
True
Is 657065 prime?
False
Is 46219 composite?
False
Is 11441 a prime number?
False
Is 132131 composite?
True
Is 157349 composite?
False
Is 19297 a prime number?
False
Is 4429723 a prime number?
True
Is 2199 a composite number?
True
Is 10979 prime?
True
Is 2257 a prime number?
False
Is 224491 a composite number?
False
Is 7039 prime?
True
Is 5147 a composite number?
False
Is 73069 a prime number?
False
Is 4994897 composite?
False
Is 20323 a composite number?
False
Is 4987 prime?
True
Is 176147 prime?
False
Is 446015 a composite number?
True
Is 293399 composite?
False
Is 13753 composite?
True
Is 641 a composite number?
False
Is 263 a prime number?
True
Is 180187 prime?
False
Is 8983 a prime number?
False
Is 480977 composite?
True
Is 3343 prime?
True
Is 15685 a prime number?
False
Is 2053 a composite number?
False
Is 539207 prime?
True
Is 5959 a prime number?
False
Is 2443 composite?
True
Is 8791 prime?
False
Is 2589 composite?
True
Is 23143 a composite number?
False
Is 2321 a prime number?
False
Is 1151 a prime number?
True
Is 6761 a prime number?
True
Is 37707 composite?
True
Is 80363 prime?
True
Is 6503 prime?
False
Is 2483 prime?
False
Is 3007 a prime number?
False
Is 30631 a composite number?
False
Is 73121 a composite number?
False
Is 694205 prime?
False
Is 685003 composite?
True
Is 18701 a prime number?
True
Is 233315 a composite number?
True
Is 152597 prime?
True
Is 199151 composite?
False
Is 824513 composite?
False
Is 468521 a composite number?
True
Is 25889 prime?
True
Is 1393451 a prime number?
True
Is 15859 prime?
True
Is 1665449 prime?
False
Is 4709065 a prime number?
False
Is 147073 composite?
False
Is 33923 prime?
True
Is 16909 composite?
True
Is 7541 composite?
False
Is 109567 prime?
True
Is 1166773 prime?
True
Is 5039 prime?
True
Is 78277 a prime number?
True
Is 3953 a composite number?
True
Is 1636851 prime?
False
Is 572255 a composite number?
True
Is 1471 a prime number?
True
Is 159 a composite number?
True
Is 334999 composite?
True
Is 1247 a prime number?
False
Is 2913 composite?
True
Is 58361 a prime number?
False
Is 105601 prime?
True
Is 55381 a prime number?
True
Is 290201 a prime number?
True
Is 542761 a prime number?
True
Is 2487919 composite?
True
Is 3258197 composite?
True
Is 2603 a prime number?
False
Is 8865661 a composite number?
True
Is 22901 prime?
True
Is 143177 a prime number?
True
Is 2641313 composite?
False
Is 22567 composite?
False
Is 553 a composite number?
True
Is 4783 composite?
False
Is 7069 a prime number?
True
Is 4721 a composite number?
False
Is 13793 a prime number?
False
Is 1560781 composite?
False
Is 153701 prime?
True
Is 405799 a prime number?
True
Is 2019 prime?
False
Is 1042571 prime?
True
Is 56645 composite?
True
Is 519577 a composite number?
False
Is 178637 composite?
True
Is 63449 a composite number?
True
Is 13529 a composite number?
True
Is 492419 composite?
True
Is 42913 a prime number?
False
Is 30883 a composite number?
True
Is 579433 a composite number?
False
Is 953 a composite number?
False
Is 67369 prime?
True
Is 200797 composite?
False
Is 5323 a prime number?
True
Is 29527 a prime number?
True
Is 3221 a composite number?
False
Is 1567 composite?
False
Is 74551 prime?
True
Is 1492397 a composite number?
True
Is 6343 composite?
False
Is 910927 a prime number?
False
Is 598421 prime?
True
Is 12077 prime?
False
Is 50359 a prime number?
True
Is 254083 a composite number?
False
Is 16615 a composite number?
True
Is 316097 composite?
False
Is 3665 composite?
True
Is 1275317 composite?
True
Is 1847 prime?
True
Is 964181 composite?
True
Is 84377 prime?
True
Is 24733 prime?
True
Is 57931 a composite number?
True
Is 12601 prime?
True
Is 6127 prime?
False
Is 250377 composite?
True
Is 9619 composite?
False
Is 118189 composite?
False
Is 144617 a composite number?
True
Is 73037 prime?
True
Is 27431 composite?
False
Is 618509 prime?
True
Is 1075907 a prime number?
False
Is 2111 composite?
False
Is 8047 prime?
False
Is 37481 composite?
True
Is 9029 composite?
False
Is 652319 a composite number?
False
Is 711077 a composite number?
True
Is 6797 composite?
True
Is 428731 a composite number?
False
Is 1735463 composite?
False
Is 36329 prime?
False
Is 1397 composite?
True
Is 490849 composite?
False
Is 2489 composite?
True
Is 32455 a prime number?
False
Is 328323 composite?
True
Is 4391 a composite number?
False
Is 10369 composite?
False
Is 236107 a composite number?
False
Is 84866 a composite number?
True
Is 172489 a composite number?
False
Is 102043 composite?
False
Is 603131 a prime number?
True
Is 1989613 a composite number?
False
Is 974923 composite?
False
Is 639317 a prime number?
False
Is 76339 prime?
False
Is 889 prime?
False
Is 429007 a prime number?
True
Is 1761913 a prime number?
False
Is 98939 a prime number?
True
Is 44741 a prime number?
True
Is 47449 composite?
True
Is 14317 prime?
False
Is 466517 prime?
True
Is 5779 prime?
True
Is 8939 a prime number?
False
Is 33343 a prime number?
True
Is 5507 a prime number?
True
Is 23461 a composite number?
True
Is 18623 composite?
True
Is 1163 prime?
True
Is 14321 a prime number?
True
Is 4974227 a composite number?
False
Is 5923 prime?
True
Is 42079 a prime number?
False
Is 11821 composite?
False
Is 234931 composite?
False
Is 136322 composite?
True
Is 24286 a prime number?
False
Is 1171 composite?
False
Is 6983 prime?
True
Is 9897 prime?
False
Is 11751 prime?
False
Is 37043 a composite number?
True
Is 211457 composite?
False
Is 806473 a composite number?
True
Is 221362 composite?
True
Is 408461 a prime number?
True
Is 2719 prime?
True
Is 961213 composite?
True
Is 229183 a prime number?
False
Is 70846 composite?
True
Is 20887 composite?
False
Is 320533 composite?
False
Is 3831 a composite number?
True
Is 565753 composite?
True
Is 3593 composite?
False
Is 22829 a composite number?
True
Is 166169 a prime number?
True
Is 106958 a composite number?
True
Is 171393 composite?
True
I